{"id":866,"date":"2016-01-20T06:29:00","date_gmt":"2016-01-20T05:29:00","guid":{"rendered":"https:\/\/www.tudc.cz\/?page_id=866"},"modified":"2021-09-09T12:27:20","modified_gmt":"2021-09-09T10:27:20","slug":"pravidla-pro-predavani-digitalni-dokumentace","status":"publish","type":"page","link":"https:\/\/www.tudc.cz\/index.php\/dokumenty\/pravidla-pro-predavani-digitalni-dokumentace\/","title":{"rendered":"Pravidla pro p\u0159ed\u00e1v\u00e1n\u00ed digit\u00e1ln\u00ed dokumentace"},"content":{"rendered":"<p>Metodick\u00fd pokyn pro tvorbu prostorov\u00fdch dat pro mapy velk\u00e9ho m\u011b\u0159\u00edtka <a href=\"https:\/\/www.spravazeleznic.cz\/documents\/50004227\/64303803\/SZ_M20LMP005_20200901.zip\/3cf8588d-4061-4889-83ec-e1ce35b6d462?download=true\" target=\"blank\" rel=\"noopener noreferrer\">S\u017dDC M20\/MP005<\/a> s \u00fa\u010dinnost\u00ed od 1.9.2016 \u010d.j. S620\/2016-S\u017dDC-O13 (datov\u00fd model pro geodetickou dokumentaci) uveden\u00fd v pokynu gener\u00e1ln\u00edho \u0159editele \u010d. 4\/2016 \u010d.j.: S34781\/2016-S\u017dDC-O22 ze dne 30.8.2016. (pro zaveden\u00ed jednotn\u00fdch standard\u016f v oblasti p\u0159ed\u00e1v\u00e1n\u00ed digit\u00e1ln\u00ed dokumentace a dat mezi Spr\u00e1vou \u017eeleznic, st\u00e1tn\u00ed organizac\u00ed a extern\u00edmi subjekty).<br \/>\nKe sta\u017een\u00ed (na internetov\u00fdch str\u00e1nk\u00e1ch Spr\u00e1vy \u017eeleznic, st\u00e1tn\u00ed organizace v sekci Platn\u00e9 dokumenty a p\u0159edpisy):<\/p>\n<hr>\n<p><strong>Kontakt: Ing. Karel \u0160im\u0161a<\/strong> tel.: +420 972 741 268, e-mail: <a href=\"mailto:karel.simsa@tudc.cz\">karel.simsa@tudc.cz<\/a><\/p>\n","protected":false},"excerpt":{"rendered":"<p>Metodick\u00fd pokyn pro tvorbu prostorov\u00fdch dat pro mapy velk\u00e9ho m\u011b\u0159\u00edtka S\u017dDC M20\/MP005 s \u00fa\u010dinnost\u00ed od 1.9.2016 \u010d.j. S620\/2016-S\u017dDC-O13 (datov\u00fd model pro geodetickou dokumentaci) uveden\u00fd v pokynu gener\u00e1ln\u00edho \u0159editele \u010d. 4\/2016 \u010d.j.: S34781\/2016-S\u017dDC-O22 ze dne 30.8.2016. (pro zaveden\u00ed jednotn\u00fdch standard\u016f v oblasti p\u0159ed\u00e1v\u00e1n\u00ed digit\u00e1ln\u00ed dokumentace a dat mezi Spr\u00e1vou \u017eeleznic, st\u00e1tn\u00ed organizac\u00ed a extern\u00edmi subjekty). Ke [&hellip;]<\/p>\n","protected":false},"author":1,"featured_media":0,"parent":20,"menu_order":3,"comment_status":"closed","ping_status":"closed","template":"","meta":{"ngg_post_thumbnail":0,"footnotes":""},"class_list":["post-866","page","type-page","status-publish","hentry"],"_links":{"self":[{"href":"https:\/\/www.tudc.cz\/index.php\/wp-json\/wp\/v2\/pages\/866","targetHints":{"allow":["GET"]}}],"collection":[{"href":"https:\/\/www.tudc.cz\/index.php\/wp-json\/wp\/v2\/pages"}],"about":[{"href":"https:\/\/www.tudc.cz\/index.php\/wp-json\/wp\/v2\/types\/page"}],"author":[{"embeddable":true,"href":"https:\/\/www.tudc.cz\/index.php\/wp-json\/wp\/v2\/users\/1"}],"replies":[{"embeddable":true,"href":"https:\/\/www.tudc.cz\/index.php\/wp-json\/wp\/v2\/comments?post=866"}],"version-history":[{"count":11,"href":"https:\/\/www.tudc.cz\/index.php\/wp-json\/wp\/v2\/pages\/866\/revisions"}],"predecessor-version":[{"id":3684,"href":"https:\/\/www.tudc.cz\/index.php\/wp-json\/wp\/v2\/pages\/866\/revisions\/3684"}],"up":[{"embeddable":true,"href":"https:\/\/www.tudc.cz\/index.php\/wp-json\/wp\/v2\/pages\/20"}],"wp:attachment":[{"href":"https:\/\/www.tudc.cz\/index.php\/wp-json\/wp\/v2\/media?parent=866"}],"curies":[{"name":"wp","href":"https:\/\/api.w.org\/{rel}","templated":true}]}}