{"id":851,"date":"2016-01-20T06:13:18","date_gmt":"2016-01-20T05:13:18","guid":{"rendered":"https:\/\/www.tudc.cz\/?page_id=851"},"modified":"2024-03-15T12:35:55","modified_gmt":"2024-03-15T11:35:55","slug":"posuzovani-bezpecnosti","status":"publish","type":"page","link":"https:\/\/www.tudc.cz\/index.php\/sluzby\/posuzovani-bezpecnosti\/","title":{"rendered":"Posuzov\u00e1n\u00ed bezpe\u010dnosti"},"content":{"rendered":"<p><strong>Nez\u00e1visl\u00e9 posuzov\u00e1n\u00ed bezpe\u010dnosti podle prov\u00e1d\u011bc\u00edho na\u0159\u00edzen\u00ed Komise (EU) \u010d. 402\/2013<\/strong><\/p>\n<p>Centrum techniky a diagnostiky (CTD) prov\u00e1d\u00ed nez\u00e1visl\u00e9 posuzov\u00e1n\u00ed bezpe\u010dnosti podle na\u0159\u00edzen\u00ed Komise EU \u010d. 402\/2013 jako intern\u00ed Subjekt pro posuzov\u00e1n\u00ed bezpe\u010dnosti (d\u00e1le jen SPB) Spr\u00e1vy \u017eeleznic, st\u00e1tn\u00ed organizace, typu B (dle ISO \u010cSN EN 17020). P\u016fsobnost SPB je na \u00fazem\u00ed EU pro n\u00ed\u017ee popsan\u00fd rozsah \u010dinnost\u00ed.<\/p>\n<p>Nez\u00e1visl\u00e1 posuzov\u00e1n\u00ed jsou prov\u00e1d\u011bna na z\u00e1klad\u011b uzn\u00e1n\u00ed zp\u016fsobilosti SPB s \u010d\u00edslem<\/p>\n<p>DUCR-44393\/15\/Pr ze dne 3.8.2015, a to pro n\u00e1sleduj\u00edc\u00ed rozsah struktur\u00e1ln\u00edch a\/nebo funk\u010dn\u00edch subsyst\u00e9m\u016f a jejich \u010d\u00e1st\u00ed: infrastruktura (INF), energie (ENE), tra\u0165ov\u00e9 \u0159\u00edzen\u00ed a zabezpe\u010den\u00ed (CCT) a palubn\u00ed \u0159\u00edzen\u00ed a zabezpe\u010den\u00ed (CCO) omezen\u011b pro vyjmenovan\u00e1 za\u0159\u00edzen\u00ed na kolejov\u00fdch vozidlech (mobiln\u00ed radiostanice, ovl\u00e1dac\u00ed sk\u0159\u00ed\u0148ky, termin\u00e1ly DMI pro ETCS, v\u010detn\u011b interface, blok\u016f nap\u00e1jen\u00ed, ant\u00e9n a ant\u00e9nn\u00edch nap\u00e1je\u010d\u016f).<\/p>\n<p>SPB prov\u00e1d\u00ed \u010dinnost posuzov\u00e1n\u00ed podle intern\u00ed pracovn\u00ed instrukce PI-IMS-9, kter\u00e1 popisuje ve\u0161ker\u00e9 procesy a postupy nez\u00e1visl\u00e9ho posuzov\u00e1n\u00ed a anal\u00fdzy rizik posuzovan\u00fdch zm\u011bn na infrastruktu\u0159e \u017eelezni\u010dn\u00ed dopravn\u00ed cesty Spr\u00e1vy \u017eeleznic, st\u00e1tn\u00ed organizace.<\/p>\n<p>Bezporuchovost, pohotovost, udr\u017eovatelnost a bezpe\u010dnost dr\u00e1\u017en\u00edch za\u0159\u00edzen\u00ed SPB stanovuje a prokazuje v souladu s \u010ceskou technickou normou \u010cSN EN 50126.<\/p>\n<p>SPB posuzuje stanoven\u00ed v\u00fdznamnosti navrhovan\u00fdch zm\u011bn a prov\u00e1d\u00ed nez\u00e1visl\u00e9 posouzen\u00ed u v\u00fdznamn\u00fdch zm\u011bn technick\u00fdch.<\/p>\n<p>Z pohledu \u017eivotn\u00edho cyklu posuzovan\u00fdch subsyst\u00e9m\u016f jsou zm\u011bny posuzov\u00e1ny v etap\u00e1ch n\u00e1vrhu koncepce syst\u00e9mu, definice parametr\u016f, podm\u00ednek pou\u017eit\u00ed, anal\u00fdzy rizik, stanoven\u00ed po\u017eadavk\u016f na syst\u00e9m, n\u00e1vrhu a zav\u00e1d\u011bn\u00ed zm\u011bn, v\u00fdroby za\u0159\u00edzen\u00ed, instalace za\u0159\u00edzen\u00ed, validace syst\u00e9mu, p\u0159ej\u00edmky syst\u00e9mu, provozu a \u00fadr\u017eby syst\u00e9mu, sledov\u00e1n\u00ed v\u00fdkonnosti syst\u00e9mu, modifikac\u00ed syst\u00e9mu a vy\u0159azov\u00e1n\u00ed syst\u00e9mu z provozu a jeho likvidace.<\/p>\n<p>Z pohledu dokumentace, kter\u00e1 je vy\u017eadov\u00e1na pro posouzen\u00ed, jsou zm\u011bny posuzov\u00e1ny na z\u00e1klad\u011b p\u0159edlo\u017een\u00e9ho n\u00e1vrhu \u010di z\u00e1m\u011bru, projektov\u00e9 dokumentace zm\u011bn a dokument\u016f t\u00fdkaj\u00edc\u00edch se identifikace zn\u00e1m\u00fdch a p\u0159edpokl\u00e1dan\u00fdch nebezpe\u010d\u00ed.<\/p>\n<p>Shoda s bezpe\u010dnostn\u00edmi po\u017eadavky je posuzov\u00e1na v souladu s metodami \u010cesk\u00e9 technick\u00e9 normy \u010cSN EN ISO\/IEC 17020 a pro posouzen\u00ed shody je vy\u017eadov\u00e1na u technick\u00fdch zm\u011bn dokladov\u00e1 \u010d\u00e1st, kter\u00e1 obsahuje zpr\u00e1vy o v\u00fdchoz\u00edch reviz\u00edch elektrick\u00fdch za\u0159\u00edzen\u00ed, protokoly o proveden\u00fdch Technick\u00fdch prohl\u00eddk\u00e1ch a zkou\u0161k\u00e1ch UTZ, pr\u016fkazy zp\u016fsobilosti UTZ, protokoly o proveden\u00fdch Hlavn\u00edch prohl\u00eddk\u00e1ch most\u016f a tunel\u016f a z\u00e1pisy z Technickobezpe\u010dnostn\u00edch zkou\u0161ek (TBZ).<\/p>\n<p>V\u00fdstupem SPB je vydan\u00e1 Zpr\u00e1va o posouzen\u00ed bezpe\u010dnosti (ZPB) pro rozsah vymezen\u00e9 a posuzovan\u00e9 zm\u011bny.<\/p>\n<p>Podrobn\u00e9 informace, kter\u00e9 se t\u00fdkaj\u00ed procesu nez\u00e1visl\u00e9ho posuzov\u00e1n\u00ed u n\u00e1vrhu a realizace va\u0161ich zm\u011bn v\u00e1m poskytnou osoby opr\u00e1vn\u011bn\u00e9 jednat a vyd\u00e1vat stanovisko na z\u00e1klad\u011b uzn\u00e1n\u00ed zp\u016fsobilosti a pln\u00e9 moci.<\/p>\n<hr style=\"clear: both;\">\n<p style=\"text-align: justify;\"><strong>Jednaj\u00edc\u00edmi osobami ve v\u011bci nez\u00e1visl\u00e9ho posuzov\u00e1n\u00ed (na z\u00e1klad\u011b pln\u00e9 moci) jsou: <\/strong><br><strong>Ing. Miroslav \u0160\u00eddlo,<\/strong> tel.: 724 013 781, e-mail: <a href=\"mailto:SidloM@spravazeleznic.cz\">SidloM@spravazeleznic.cz<\/a><br><strong>Ing. Petr Gris, <\/strong>tel.: 702 224 096, e-mail: <a href=\"mailto:Gris@spravazeleznic.cz\">Gris@spravazeleznic.cz<\/a><\/p>\n\n\n<p><\/p>\n","protected":false},"excerpt":{"rendered":"<p>Nez\u00e1visl\u00e9 posuzov\u00e1n\u00ed bezpe\u010dnosti podle prov\u00e1d\u011bc\u00edho na\u0159\u00edzen\u00ed Komise (EU) \u010d. 402\/2013 Centrum techniky a diagnostiky (CTD) prov\u00e1d\u00ed nez\u00e1visl\u00e9 posuzov\u00e1n\u00ed bezpe\u010dnosti podle na\u0159\u00edzen\u00ed Komise EU \u010d. 402\/2013 jako intern\u00ed Subjekt pro posuzov\u00e1n\u00ed bezpe\u010dnosti (d\u00e1le jen SPB) Spr\u00e1vy \u017eeleznic, st\u00e1tn\u00ed organizace, typu B (dle ISO \u010cSN EN 17020). P\u016fsobnost SPB je na \u00fazem\u00ed EU pro n\u00ed\u017ee popsan\u00fd rozsah [&hellip;]<\/p>\n","protected":false},"author":1,"featured_media":0,"parent":22,"menu_order":3,"comment_status":"closed","ping_status":"closed","template":"","meta":{"ngg_post_thumbnail":0,"footnotes":""},"class_list":["post-851","page","type-page","status-publish","hentry"],"_links":{"self":[{"href":"https:\/\/www.tudc.cz\/index.php\/wp-json\/wp\/v2\/pages\/851","targetHints":{"allow":["GET"]}}],"collection":[{"href":"https:\/\/www.tudc.cz\/index.php\/wp-json\/wp\/v2\/pages"}],"about":[{"href":"https:\/\/www.tudc.cz\/index.php\/wp-json\/wp\/v2\/types\/page"}],"author":[{"embeddable":true,"href":"https:\/\/www.tudc.cz\/index.php\/wp-json\/wp\/v2\/users\/1"}],"replies":[{"embeddable":true,"href":"https:\/\/www.tudc.cz\/index.php\/wp-json\/wp\/v2\/comments?post=851"}],"version-history":[{"count":10,"href":"https:\/\/www.tudc.cz\/index.php\/wp-json\/wp\/v2\/pages\/851\/revisions"}],"predecessor-version":[{"id":4240,"href":"https:\/\/www.tudc.cz\/index.php\/wp-json\/wp\/v2\/pages\/851\/revisions\/4240"}],"up":[{"embeddable":true,"href":"https:\/\/www.tudc.cz\/index.php\/wp-json\/wp\/v2\/pages\/22"}],"wp:attachment":[{"href":"https:\/\/www.tudc.cz\/index.php\/wp-json\/wp\/v2\/media?parent=851"}],"curies":[{"name":"wp","href":"https:\/\/api.w.org\/{rel}","templated":true}]}}