{"id":798,"date":"2016-01-19T10:56:28","date_gmt":"2016-01-19T09:56:28","guid":{"rendered":"https:\/\/www.tudc.cz\/?page_id=798"},"modified":"2019-08-27T12:36:58","modified_gmt":"2019-08-27T10:36:58","slug":"certifikovane-firmy","status":"publish","type":"page","link":"https:\/\/www.tudc.cz\/index.php\/dokumenty\/certifikovane-firmy\/","title":{"rendered":"Certifikovan\u00e9 firmy"},"content":{"rendered":"<ul class=\"grandchild-sidebar-menu level-1 children\">\n<li class=\"page_item page-item-2843\"><a href=\"https:\/\/www.tudc.cz\/index.php\/dokumenty\/certifikovane-firmy\/opravny_vym_dilu\/?lang=cs\">Opravny v\u00fdm\u011bnn\u00fdch d\u00edl\u016f<\/a><\/li>\n<li class=\"page_item page-item-2845\"><a href=\"https:\/\/www.tudc.cz\/index.php\/dokumenty\/certifikovane-firmy\/spec_zel_voz\/?lang=cs\">Ov\u011b\u0159ov\u00e1n\u00ed zp\u016fsobilosti dodavatel\u016f<\/a><\/li>\n<li class=\"page_item page-item-2847\"><a href=\"https:\/\/www.tudc.cz\/index.php\/dokumenty\/certifikovane-firmy\/zpus_kal_prac\/?lang=cs\">Ov\u011b\u0159ov\u00e1n\u00ed zp\u016fsobilosti kalibra\u010dn\u00edch pracovi\u0161\u0165<\/a><\/li>\n<\/ul>\n","protected":false},"excerpt":{"rendered":"<p>Opravny v\u00fdm\u011bnn\u00fdch d\u00edl\u016f Ov\u011b\u0159ov\u00e1n\u00ed zp\u016fsobilosti dodavatel\u016f Ov\u011b\u0159ov\u00e1n\u00ed zp\u016fsobilosti kalibra\u010dn\u00edch pracovi\u0161\u0165<\/p>\n","protected":false},"author":1,"featured_media":0,"parent":20,"menu_order":0,"comment_status":"closed","ping_status":"closed","template":"","meta":{"ngg_post_thumbnail":0,"footnotes":""},"class_list":["post-798","page","type-page","status-publish","hentry"],"_links":{"self":[{"href":"https:\/\/www.tudc.cz\/index.php\/wp-json\/wp\/v2\/pages\/798","targetHints":{"allow":["GET"]}}],"collection":[{"href":"https:\/\/www.tudc.cz\/index.php\/wp-json\/wp\/v2\/pages"}],"about":[{"href":"https:\/\/www.tudc.cz\/index.php\/wp-json\/wp\/v2\/types\/page"}],"author":[{"embeddable":true,"href":"https:\/\/www.tudc.cz\/index.php\/wp-json\/wp\/v2\/users\/1"}],"replies":[{"embeddable":true,"href":"https:\/\/www.tudc.cz\/index.php\/wp-json\/wp\/v2\/comments?post=798"}],"version-history":[{"count":10,"href":"https:\/\/www.tudc.cz\/index.php\/wp-json\/wp\/v2\/pages\/798\/revisions"}],"predecessor-version":[{"id":3022,"href":"https:\/\/www.tudc.cz\/index.php\/wp-json\/wp\/v2\/pages\/798\/revisions\/3022"}],"up":[{"embeddable":true,"href":"https:\/\/www.tudc.cz\/index.php\/wp-json\/wp\/v2\/pages\/20"}],"wp:attachment":[{"href":"https:\/\/www.tudc.cz\/index.php\/wp-json\/wp\/v2\/media?parent=798"}],"curies":[{"name":"wp","href":"https:\/\/api.w.org\/{rel}","templated":true}]}}