{"id":316,"date":"2016-01-12T11:13:40","date_gmt":"2016-01-12T11:13:40","guid":{"rendered":"https:\/\/www.tudc.cz\/?page_id=316"},"modified":"2020-01-10T13:22:32","modified_gmt":"2020-01-10T12:22:32","slug":"historie","status":"publish","type":"page","link":"https:\/\/www.tudc.cz\/index.php\/muzeum\/muzeum-hradec-kralove\/historie\/","title":{"rendered":"Historie"},"content":{"rendered":"<p><strong>Historie muzejn\u00ed expozice Hradec Kr\u00e1lov\u00e9<\/strong><\/p>\n<p><a href=\"https:\/\/www.tudc.cz\/wp-content\/uploads\/2016\/01\/vidnava-4f1faf65512aac55e44168ef01be4635.jpg\"><img loading=\"lazy\" decoding=\"async\" class=\"alignright size-medium wp-image-2709\" src=\"https:\/\/www.tudc.cz\/wp-content\/uploads\/2016\/01\/vidnava-4f1faf65512aac55e44168ef01be4635-300x217.jpg\" alt=\"\" width=\"300\" height=\"217\" srcset=\"https:\/\/www.tudc.cz\/wp-content\/uploads\/2016\/01\/vidnava-4f1faf65512aac55e44168ef01be4635.jpg 300w, https:\/\/www.tudc.cz\/wp-content\/uploads\/2016\/01\/vidnava-4f1faf65512aac55e44168ef01be4635-150x109.jpg 150w\" sizes=\"auto, (max-width: 300px) 100vw, 300px\" \/><\/a>St\u00e1l\u00e1 muzejn\u00ed expozice sd\u011blovac\u00ed a&nbsp;zabezpe\u010dovac\u00ed techniky (tak zn\u011bl ofici\u00e1ln\u00ed n\u00e1zev) ve Vidnav\u011b byla z\u0159\u00edzena rozkazem n\u00e1\u010deln\u00edka St\u0159edn\u00ed dr\u00e1hy \u010d.&nbsp;j.&nbsp;334\/88-14 ze dne 28. \u010dervna 1988 na z\u00e1klad\u011b v\u00fdnosu FMDS &#8220;Z\u0159\u00edzen\u00ed muzejn\u00ed expozice SZT&#8221;, \u010d.&nbsp;j.&nbsp;11 721\/88-O14 ze dne 20. \u010dervna 1988, slavnostn\u011b otev\u0159ena 2. listopadu 1988 a&nbsp;ve\u0159ejnosti byla zp\u0159\u00edstupn\u011bna 17. kv\u011btna 1989. &nbsp;&nbsp;Mo\u017enost um\u00edst\u011bn\u00ed expozice v&nbsp;p\u016fvabn\u00e9 historick\u00e9 &nbsp;v\u00fdpravn\u00ed &nbsp;budov\u011b \u017eelezni\u010dn\u00ed stanice, &nbsp;&nbsp;okoln\u00ed n\u00e1dhern\u00e1 p\u0159\u00edroda,&nbsp;dostatek m\u00edsta pro depozit\u00e1\u0159 i&nbsp;pom\u011brn\u011b n\u00edzk\u00e9 finan\u010dn\u00ed n\u00e1klady pot\u0159ebn\u00e9 pro \u00fapravu v\u00fdstavn\u00edch prostor&nbsp;&#8211; to byly tehdy d\u016fvody, kter\u00e9 rozhodly o&nbsp;z\u0159\u00edzen\u00ed muzea pr\u00e1v\u011b v&nbsp;historick\u00e9m m\u011bste\u010dku Vidnava, jen kousek od polsk\u00fdch hranic ve v\u00fdb\u011b\u017eku severn\u011b od l\u00e1ze\u0148sk\u00e9ho m\u011bsta Jesen\u00edk. S&nbsp;postupuj\u00edc\u00edm \u010dasem v\u0161ak byly st\u00e1le siln\u011bji poci\u0165ov\u00e1ny nev\u00fdhody odlehlosti lokality &#8211; \u0161patn\u00e1 dostupnost pro n\u00e1v\u0161t\u011bvn\u00edky, prakticky miziv\u00e9 mo\u017enosti dal\u0161\u00edho vyu\u017eit\u00ed expozice &#8211; studium dokument\u016f, po\u0159\u00e1d\u00e1n\u00ed nau\u010dn\u00fdch akc\u00ed, odborn\u00fdch semin\u00e1\u0159\u016f, mo\u017enost \u010dast\u00fdch opakovan\u00fdch n\u00e1v\u0161t\u011bv nap\u0159. i&nbsp;pro studijn\u00ed \u00fa\u010dely atp.<\/p>\n<p>Technick\u00e1 \u00fast\u0159edna dopravn\u00ed cesty, organiza\u010dn\u00ed jednotka Divize dopravn\u00ed cesty \u010cesk\u00fdch drah, kter\u00e1 se stala v&nbsp;dubnu 1997 provozovatelem expozice, zam\u011b\u0159ila sv\u00e9 \u00fasil\u00ed na z\u00edsk\u00e1n\u00ed nov\u00fdch, z&nbsp;hlediska dostupnosti vhodn\u011bj\u0161\u00edch prostor. P\u0159i oslav\u011b 10. v\u00fdro\u010d\u00ed zalo\u017een\u00ed vidnavsk\u00e9 expozice v&nbsp;listopadu 1998 byl z\u00e1m\u011br &nbsp;p\u0159est\u011bhovat muzeum ofici\u00e1ln\u011b p\u0159ednesen a&nbsp;z\u00e1rove\u0148 byly vyzv\u00e1ny ke spolupr\u00e1ci firmy i&nbsp;dal\u0161\u00ed instituce svou p\u016fsobnost\u00ed spojen\u00e9 s&nbsp;oborem \u017eelezni\u010dn\u00ed sd\u011blovac\u00ed a&nbsp;zabezpe\u010dovac\u00ed techniky. Rozhodla spole\u010dn\u00e1 nab\u00eddka \u010dty\u0159 firem &#8211; A\u017dD Praha s. r. o., AK signal a.s., Starmon&nbsp;s.&nbsp;r.&nbsp;o. a&nbsp;Signal Mont&nbsp;s.&nbsp;r.&nbsp;o. &#8211; poskytnout pro expozici \u010d\u00e1st prostor v&nbsp;are\u00e1lu firmy Signal Mont&nbsp;s.&nbsp;r.&nbsp;o. (b\u00fdval\u00fdch Sd\u011blovac\u00edch a&nbsp;zabezpe\u010dovac\u00edch d\u00edln\u00e1ch) v&nbsp;Hradci Kr\u00e1lov\u00e9, kter\u00e9 byly pro tento \u00fa\u010del stavebn\u011b upraveny, mj. byl vybudov\u00e1n i&nbsp;bezbari\u00e9rov\u00fd p\u0159\u00edstup. Um\u00edst\u011bn\u00ed muzejn\u00ed expozice v&nbsp;Hradci Kr\u00e1lov\u00e9 podpo\u0159ili i&nbsp;p\u0159edstavitel\u00e9 m\u011bsta.<\/p>\n<p>K 1.7.2008 byla Muzejn\u00ed expozice spolu s Technickou \u00fast\u0159ednou dopravn\u00ed cesty p\u0159evedena z \u010cD a.s. na Spr\u00e1vu \u017eeleznic, st\u00e1tn\u00ed organizaci.<\/p>\n","protected":false},"excerpt":{"rendered":"<p>Historie muzejn\u00ed expozice Hradec Kr\u00e1lov\u00e9 St\u00e1l\u00e1 muzejn\u00ed expozice sd\u011blovac\u00ed a&nbsp;zabezpe\u010dovac\u00ed techniky (tak zn\u011bl ofici\u00e1ln\u00ed n\u00e1zev) ve Vidnav\u011b byla z\u0159\u00edzena rozkazem n\u00e1\u010deln\u00edka St\u0159edn\u00ed dr\u00e1hy \u010d.&nbsp;j.&nbsp;334\/88-14 ze dne 28. \u010dervna 1988 na z\u00e1klad\u011b v\u00fdnosu FMDS &#8220;Z\u0159\u00edzen\u00ed muzejn\u00ed expozice SZT&#8221;, \u010d.&nbsp;j.&nbsp;11 721\/88-O14 ze dne 20. \u010dervna 1988, slavnostn\u011b otev\u0159ena 2. listopadu 1988 a&nbsp;ve\u0159ejnosti byla zp\u0159\u00edstupn\u011bna 17. kv\u011btna 1989. [&hellip;]<\/p>\n","protected":false},"author":1,"featured_media":0,"parent":32,"menu_order":1,"comment_status":"closed","ping_status":"closed","template":"","meta":{"ngg_post_thumbnail":0,"footnotes":""},"class_list":["post-316","page","type-page","status-publish","hentry"],"_links":{"self":[{"href":"https:\/\/www.tudc.cz\/index.php\/wp-json\/wp\/v2\/pages\/316","targetHints":{"allow":["GET"]}}],"collection":[{"href":"https:\/\/www.tudc.cz\/index.php\/wp-json\/wp\/v2\/pages"}],"about":[{"href":"https:\/\/www.tudc.cz\/index.php\/wp-json\/wp\/v2\/types\/page"}],"author":[{"embeddable":true,"href":"https:\/\/www.tudc.cz\/index.php\/wp-json\/wp\/v2\/users\/1"}],"replies":[{"embeddable":true,"href":"https:\/\/www.tudc.cz\/index.php\/wp-json\/wp\/v2\/comments?post=316"}],"version-history":[{"count":4,"href":"https:\/\/www.tudc.cz\/index.php\/wp-json\/wp\/v2\/pages\/316\/revisions"}],"predecessor-version":[{"id":3161,"href":"https:\/\/www.tudc.cz\/index.php\/wp-json\/wp\/v2\/pages\/316\/revisions\/3161"}],"up":[{"embeddable":true,"href":"https:\/\/www.tudc.cz\/index.php\/wp-json\/wp\/v2\/pages\/32"}],"wp:attachment":[{"href":"https:\/\/www.tudc.cz\/index.php\/wp-json\/wp\/v2\/media?parent=316"}],"curies":[{"name":"wp","href":"https:\/\/api.w.org\/{rel}","templated":true}]}}