{"id":2305,"date":"2017-09-18T07:39:41","date_gmt":"2017-09-18T07:39:41","guid":{"rendered":"https:\/\/www.tudc.cz\/?page_id=2305"},"modified":"2020-06-04T09:52:41","modified_gmt":"2020-06-04T07:52:41","slug":"usek-automatizacni-a-telekomunikacni-techniky","status":"publish","type":"page","link":"https:\/\/www.tudc.cz\/index.php\/technicke-useky-tudc\/usek-automatizacni-a-telekomunikacni-techniky\/","title":{"rendered":"Spr\u00e1va diagnostiky zabezpe\u010dovac\u00ed a radiov\u00e9 techniky"},"content":{"rendered":"<p><strong>Spr\u00e1va diagnostiky zabezpe\u010dovac\u00ed a radiov\u00e9 techniky<\/strong> zaji\u0161\u0165uje servis v oblasti \u017eelezni\u010dn\u00ed zabezpe\u010dovac\u00ed, telekomunika\u010dn\u00ed a automatiza\u010dn\u00ed techniky z hlediska ov\u011b\u0159ov\u00e1n\u00ed a zkou\u0161ek nov\u00fdch za\u0159\u00edzen\u00ed, diagnostiky a m\u011b\u0159en\u00ed provozovan\u00e9ho za\u0159\u00edzen\u00ed, v\u00fdkon spr\u00e1vy telekomunika\u010dn\u00edho majetku a dokumentace a tvorby norem a provozn\u00edch p\u0159edpis\u016f, metodickou a technickou podporu.<\/p>\n<p>V\u00a0<strong>spr\u00e1v\u011b<\/strong>\u00a0prob\u00edh\u00e1 v sou\u010dasnosti m\u011b\u0159en\u00ed radiov\u00e9ho rozhran\u00ed p\u0159i akceptaci digit\u00e1ln\u00edho radiov\u00e9ho syst\u00e9mu GSM-R. Na \u0159e\u0161en\u00ed v\u0161ech souvisej\u00edc\u00edch \u00faloh p\u0159i p\u0159echodu z analogov\u00e9ho na digit\u00e1ln\u00ed radiov\u00fd syst\u00e9m na \u017eeleznici se pod\u00edl\u00ed CTD, a to jak p\u0159i zkou\u0161k\u00e1ch a zprovozn\u011bn\u00ed vozidlov\u00e9ho termin\u00e1lu pro hnac\u00ed vozidla, p\u0159i spojen\u00ed v analogov\u00e9m a digit\u00e1ln\u00edm re\u017eimu a po dobu p\u0159echodn\u00e9ho obdob\u00ed provozu obou syst\u00e9m\u016f, tak i p\u0159i zlep\u0161en\u00ed p\u0159\u00edjmu sign\u00e1lu ve\u0159ejn\u00fdch mobiln\u00edch oper\u00e1tor\u016f ve vybran\u00fdch vlac\u00edch.<br \/>\nSt\u0159edisko dokumentace CTD vypracovalo digit\u00e1ln\u00ed p\u0159ehledovou mapu (DPM) hlavn\u00edch kolej\u00ed \u017eelezni\u010dn\u00ed s\u00edt\u011b aktualizovanou v tomto roce pro vyu\u017eit\u00ed v dal\u0161\u00edch \u00faloh\u00e1ch. D\u00e1le aktualizovalo topologick\u00e1 sch\u00e9mata v\u0161ech kolej\u00ed (TSK) jako z\u00e1kladn\u00ed grafick\u00fd podklad pro zobrazen\u00ed dal\u0161\u00edch pasportn\u00edch \u00faloh infrastruktury.<br \/>\nPodle podklad\u016f CTD byla p\u0159ijata Sm\u011brnice S\u017dDC \u010d. 36 Koncepce diagnostiky z\u00e1vad jedouc\u00edch \u017eelezni\u010dn\u00edch kolejov\u00fdch vozidel.<\/p>\n<p>CTD prov\u00e1d\u00ed nez\u00e1visl\u00e9 posuzov\u00e1n\u00ed bezpe\u010dnosti podle Na\u0159\u00edzen\u00ed ES \u010d. 352\/2009. Nez\u00e1visl\u00e9 posuzov\u00e1n\u00ed se prov\u00e1d\u00ed na z\u00e1klad\u011b uzn\u00e1n\u00ed zp\u016fsobilosti vydan\u00e9ho Dr\u00e1\u017en\u00edm \u00fa\u0159adem. Prov\u00e1d\u011bn\u00e1 nez\u00e1visl\u00e1 posuzov\u00e1n\u00ed bezpe\u010dnosti se t\u00fdkaj\u00ed zm\u011bn na pevn\u00e9 \u010d\u00e1sti \u017eelezni\u010dn\u00ed infrastruktury, tj. na \u017eelezni\u010dn\u00edm svr\u0161ku, spodku, mostn\u00edch konstrukc\u00edch, trak\u010dn\u00edm veden\u00ed, energetick\u00fdch za\u0159\u00edzen\u00edch, elektrick\u00fdch s\u00edt\u00edch a rozvodech drah, zabezpe\u010dovac\u00edm za\u0159\u00edzen\u00ed a zm\u011bn, kter\u00e9 se t\u00fdkaj\u00ed \u010d\u00e1st\u00ed dr\u00e1\u017en\u00edch vozidel, konkr\u00e9tn\u011b vozidlov\u00fdch radiostanic, CAB r\u00e1di\u00ed, GSM, GSMR a ERTMS subsyst\u00e9m\u016f a vlakov\u00fdch zabezpe\u010dova\u010d\u016f.<\/p>\n<table>\n<tbody>\n<tr>\n<td style=\"vertical-align: top;\">\n<h5>Slu\u017eby:<\/h5>\n<p><a href=\"https:\/\/www.tudc.cz\/index.php\/dokumenty\/dokumenty-sz-s-o-pro-zhotovitele-staveb\/\">Dokumenty pro zhotovitele staveb\u00a0<\/a><br \/>\n<a href=\"https:\/\/www.tudc.cz\/index.php\/sluzby\/overovani-zpusobilosti-dodavatelu\/\">Ov\u011b\u0159ov\u00e1n\u00ed zp\u016fsobilosti dodavatel\u016f\u00a0<\/a><br \/>\n<a href=\"https:\/\/www.tudc.cz\/index.php\/sluzby\/posuzovani-bezpecnosti\/\">Posuzov\u00e1n\u00ed bezpe\u010dnosti\u00a0<\/a><br \/>\n<a href=\"https:\/\/www.tudc.cz\/index.php\/sluzby\/pronajem-pocitacovych-uceben\/\">Pron\u00e1jem po\u010d\u00edta\u010dov\u00fdch u\u010deben\u00a0<\/a><br \/>\n<a href=\"https:\/\/www.tudc.cz\/index.php\/sluzby\/pomoc-pri-rizeni-rizik\/\">\u0158\u00edzen\u00ed rizik\u00a0<\/a><br \/>\n<a href=\"https:\/\/www.tudc.cz\/index.php\/dokumenty\/seznamy-schvalenych-a-doporucenych-zarizeni-k-pouziti-v-zti\/\">Seznam doporu\u010den\u00fdch za\u0159\u00edzen\u00ed \u017dTI\u00a0<\/a><br \/>\n<a href=\"https:\/\/www.tudc.cz\/index.php\/sluzby\/vseobecne-podminky-pro-cinnosti-na-kabelech\/\">V\u0161eobecn\u00e9 podm\u00ednky pro pr\u00e1ce na kabelech Spr\u00e1vy \u017eeleznic, st\u00e1tn\u00ed organizace<\/a><br \/>\n<a href=\"https:\/\/www.tudc.cz\/index.php\/dokumenty\/zavadeci-listy-szt\/\">Zav\u00e1d\u011bc\u00ed listy SZT<\/a><\/td>\n<td style=\"vertical-align: top;\">\n<h5>Diagnostick\u00e9 prost\u0159edky<\/h5>\n<p>Vyhodnocovac\u00ed v\u016fz Spr\u00e1vy \u017eeleznic, st\u00e1tn\u00ed organizace<br \/>\n<a href=\"https:\/\/www.tudc.cz\/index.php\/diagnostika-radiovych-systemu\/\">MV RS<\/a><br \/>\n<a href=\"https:\/\/www.tudc.cz\/index.php\/diagnosticke-prostredky\/ertms\/\">MV ERTMS<\/a><\/td>\n<\/tr>\n<\/tbody>\n<\/table>\n<h5><\/h5>\n","protected":false},"excerpt":{"rendered":"<p>Spr\u00e1va diagnostiky zabezpe\u010dovac\u00ed a radiov\u00e9 techniky zaji\u0161\u0165uje servis v oblasti \u017eelezni\u010dn\u00ed zabezpe\u010dovac\u00ed, telekomunika\u010dn\u00ed a automatiza\u010dn\u00ed techniky z hlediska ov\u011b\u0159ov\u00e1n\u00ed a zkou\u0161ek nov\u00fdch za\u0159\u00edzen\u00ed, diagnostiky a m\u011b\u0159en\u00ed provozovan\u00e9ho za\u0159\u00edzen\u00ed, v\u00fdkon spr\u00e1vy telekomunika\u010dn\u00edho majetku a dokumentace a tvorby norem a provozn\u00edch p\u0159edpis\u016f, metodickou a technickou podporu. V\u00a0spr\u00e1v\u011b\u00a0prob\u00edh\u00e1 v sou\u010dasnosti m\u011b\u0159en\u00ed radiov\u00e9ho rozhran\u00ed p\u0159i akceptaci digit\u00e1ln\u00edho radiov\u00e9ho syst\u00e9mu [&hellip;]<\/p>\n","protected":false},"author":1,"featured_media":0,"parent":2299,"menu_order":0,"comment_status":"closed","ping_status":"closed","template":"","meta":{"ngg_post_thumbnail":0,"footnotes":""},"class_list":["post-2305","page","type-page","status-publish","hentry"],"_links":{"self":[{"href":"https:\/\/www.tudc.cz\/index.php\/wp-json\/wp\/v2\/pages\/2305","targetHints":{"allow":["GET"]}}],"collection":[{"href":"https:\/\/www.tudc.cz\/index.php\/wp-json\/wp\/v2\/pages"}],"about":[{"href":"https:\/\/www.tudc.cz\/index.php\/wp-json\/wp\/v2\/types\/page"}],"author":[{"embeddable":true,"href":"https:\/\/www.tudc.cz\/index.php\/wp-json\/wp\/v2\/users\/1"}],"replies":[{"embeddable":true,"href":"https:\/\/www.tudc.cz\/index.php\/wp-json\/wp\/v2\/comments?post=2305"}],"version-history":[{"count":12,"href":"https:\/\/www.tudc.cz\/index.php\/wp-json\/wp\/v2\/pages\/2305\/revisions"}],"predecessor-version":[{"id":3394,"href":"https:\/\/www.tudc.cz\/index.php\/wp-json\/wp\/v2\/pages\/2305\/revisions\/3394"}],"up":[{"embeddable":true,"href":"https:\/\/www.tudc.cz\/index.php\/wp-json\/wp\/v2\/pages\/2299"}],"wp:attachment":[{"href":"https:\/\/www.tudc.cz\/index.php\/wp-json\/wp\/v2\/media?parent=2305"}],"curies":[{"name":"wp","href":"https:\/\/api.w.org\/{rel}","templated":true}]}}